4*j + 2*j = -4*k + 40. Let f be u(k). What is the greatest common divisor of f and 15?
5
Let s = -13 - -18. Suppose 128 = s*z - z. Calculate the highest common factor of 8 and z.
8
Let r(s) = s**2 - 4*s + 2. Let u be r(4). Suppose 0*m + 12 = u*m. Let j be (-2)/(-6) + 100/m. What is the greatest common divisor of j and 119?
17
Suppose 2*m = 12*m - 1500. Calculate the highest common factor of m and 50.
50
Suppose -2*y + 130 = 4*x, -2*y = -0*y + 6. Calculate the greatest common factor of x and 170.
34
Suppose 0 = 5*c + 2*s + 3*s - 360, -52 = -c - 5*s. Calculate the highest common factor of c and 22.
11
Let d(m) = 13*m**3 - 3*m**2 + m + 2. Let q be d(2). Let p(t) = 1 + 9 - 3 - t**2 - 6*t + 0*t. Let u be p(-5). Calculate the greatest common factor of q and u.
12
Let k = 451 - 319. Suppose 3*t + 0*t = k. Let n = -25 + 36. What is the highest common divisor of n and t?
11
Let s(k) = -k**3 + 6*k**2 - 4*k - 1. Let n be s(5). Calculate the greatest common factor of n and 2.
2
Suppose h - 3*n + 122 = 5*h, -4*h + 136 = -4*n. What is the highest common divisor of 2 and h?
2
Suppose -3 = -r, -w - 2*w - 96 = -r. Let n = -22 - w. Calculate the greatest common divisor of n and 81.
9
Let u = 14 - 2. Suppose -9 = 13*d - 243. What is the highest common divisor of u and d?
6
Suppose -2*q - q + 3 = 0. Let p be q + -20 - 4/2. Let f be p/(-1 - (-3)/6). What is the greatest common divisor of 14 and f?
14
Suppose 7*y - 2*y = -60. Let t be (y - -5)*72/(-14). Calculate the greatest common factor of t and 4.
4
Let j(a) = -a**3 - 10*a**2 - 8*a + 8. Let v be j(-8). Let s = -40 - v. Let p = 18 + -10. What is the highest common divisor of p and s?
8
Let h be 168/20 - 12/(-20). Calculate the greatest common factor of h and 9.
9
Let w(h) = -h**2 - 7*h + 4. Let m be w(-4). Suppose n + 5 - m = 0. Let f(c) = 17*c + 3. Let g be f(5). Calculate the highest common divisor of g and n.
11
Suppose -421 = -5*b + i, 0*b + 165 = 2*b + 3*i. Calculate the highest common divisor of b and 56.
28
Suppose 3*o - 2*o = 37. Calculate the greatest common factor of 111 and o.
37
Suppose -4 + 2 = -2*v. Let z be (v + 1/(-2))*198. Suppose 0 = 4*o - 2*i - 34 - 2, 45 = 5*o + 2*i. What is the greatest common factor of z and o?
9
Suppose 2 = 3*o - o. Suppose 5*f - 3*n = -6, -n + 4*n = -f + 6. Suppose 2*r = 4*i - 6, f*r + 4*i - 11 = -3*r. What is the highest common divisor of r and o?
1
Let l be (3/(-4))/(1/(-4)). Suppose l*q - 5*q + 72 = 0. Suppose 6 = 2*m - 18. Calculate the highest common factor of q and m.
12
Let b be -2 + -1*6/3. Let k = -2 - b. Suppose -s - k*s - 4*q + 27 = 0, -2*s + 4 = -2*q. Calculate the greatest common divisor of s and 20.
5
Suppose 3*y = -y - 4*k + 44, 2*y + 3*k - 27 = 0. Suppose 2*g - 3*g + y = 0. Calculate the highest common divisor of g and 54.
6
Let j(w) = 3*w + 6. Let f be j(6). Let p = 6 - f. Let o = 25 + p. Calculate the highest common divisor of o and 7.
7
Let a be (-2)/(-3) + 39/9. Suppose a*r - 55 = 5. Calculate the greatest common factor of r and 4.
4
Let t = 56 - 47. What is the greatest common divisor of t and 45?
9
Let h(k) = -2*k + 6. Let u(w) = 3*w - 1. Let i be u(-2). Let z be h(i). Let l = -24 - -44. Calculate the highest common factor of z and l.
20
Suppose 2*d + 2*d - 2024 = 0. Calculate the highest common factor of 46 and d.
46
Let j = 219 + -142. Calculate the highest common factor of j and 7.
7
Let z(f) = 3*f**2 - f - 2. Let u be z(4). Let p(v) = -6*v + 4. Let b be p(-4). Calculate the highest common divisor of u and b.
14
Suppose 4*g - 73 = -3*s, 6*s - 56 = 2*s + 5*g. Let f = 48 - 29. Calculate the highest common factor of f and s.
19
Suppose 2*d = 70 + 84. What is the greatest common divisor of d and 11?
11
Suppose -4*n - 37 = -3*h, 0 = 4*n - 0*h - h + 39. Let q = n - -10. Suppose 0 = z - 2 - q. What is the greatest common factor of 16 and z?
2
Suppose 34 = -2*b + 3*t, -2*b - 5*t = -0*t + 66. Let d = b - -27. What is the greatest common factor of d and 4?
4
Let h = 191 - 136. Let r(j) = -j**2 - 6*j - 3. Let x be r(-2). What is the greatest common factor of x and h?
5
Suppose 5*v + 13 = 43. Let s = 12 - v. Calculate the greatest common divisor of 4 and s.
2
Suppose -l - 18 = -7. Let x(f) = f + 9. Let j be x(l). Let o be (6 + -1)*j/(-2). Calculate the highest common factor of 5 and o.
5
Let m(u) = -2*u - 7. Let n be m(-15). What is the highest common divisor of 46 and n?
23
Suppose -100 + 40 = -2*d. Suppose 0 = 20*q - 21*q + 240. What is the highest common factor of d and q?
30
Let z = -196 + 300. Calculate the greatest common factor of z and 13.
13
Suppose 0*w + 2 = 2*w. Let s be (0/(w + -3))/(-2). Suppose 0*v - 4*v + 48 = s. What is the highest common factor of v and 3?
3
Let w be 3*(-69)/(-9) + 2. Calculate the greatest common factor of 10 and w.
5
Suppose -130 = -v + 24. Suppose 3*y - 4*y = -v. What is the greatest common divisor of y and 14?
14
Let k be (0 + 1)/(7/147). Let q = -12 + k. What is the greatest common factor of 3 and q?
3
Let n = 5 - 2. Suppose -n*r = 4 - 10. Let v be (20/8)/(r/4). What is the greatest common divisor of v and 2?
1
Let h(x) = 3*x + 12. Let o be h(7). Suppose -2*t = -15 - o. What is the highest common factor of 16 and t?
8
Let y be 7294/70 - 2/10. Suppose -y = k - 5*k. What is the highest common factor of 182 and k?
26
Suppose -2*h + 95 = -17. Suppose 0 = -0*c + c - h. Calculate the highest common divisor of c and 7.
7
Suppose 289 = 5*t - 11. Suppose 3*z + 2*p = 46, p + 3*p - t = -4*z. What is the highest common divisor of 112 and z?
16
Suppose 49 = 5*f + 9. Calculate the highest common factor of 32 and f.
8
Suppose -6*g = -63 - 141. Calculate the greatest common factor of g and 17.
17
Suppose a = 3*l + 49, -2*a + 2 + 105 = -3*l. Calculate the greatest common divisor of a and 29.
29
Let t be 0/(-1) - (-12 - 51). What is the greatest common factor of 21 and t?
21
Let c be ((-14)/(-7))/((-2)/(-10)). Let h be (-14 - -9)/((-2)/10). What is the highest common divisor of c and h?
5
Let c = 9 - 6. Let o be (0 - 6)*12/(-8). Let q = o - c. Calculate the greatest common factor of 3 and q.
3
Suppose -4*t + s - 292 = 3*s, 3*t - s = -224. Let h be 2/(-6) - t/6. Calculate the highest common factor of h and 60.
12
Let w(a) = -98*a - 2. Let z be w(-1). Calculate the highest common divisor of z and 12.
12
Suppose 2*n - 7*n = -5*x + 45, n - 11 = -3*x. Suppose 0 = x*k - 123 - 12. Suppose -k + 3 = -2*q. Calculate the highest common factor of q and 24.
12
Let f = 206 - 129. Calculate the highest common divisor of f and 7.
7
Let a(n) = n**3 - n**2. Let g be a(2). Let z be (g + -1)*3 + 1. Suppose -c + 0*c + 10 = 0. Calculate the greatest common factor of z and c.
10
Suppose 0 = 3*x + 9, 5*c = c - 2*x + 42. Let t be (72/(-10))/((-114)/380). What is the highest common divisor of c and t?
12
Let x = 59 + -38. Suppose -3*d = -3*t - 75, 3*t = 5*d + t - 113. Calculate the highest common divisor of d and x.
21
Suppose 0*c = 4*s - 3*c - 48, -s + 1 = 2*c. What is the greatest common factor of 45 and s?
9
Suppose 0 = -3*l - 1 + 28. What is the highest common divisor of 90 and l?
9
Let b = 39 + 24. Suppose q - b = 7. What is the highest common factor of q and 14?
14
Let t(j) be the first derivative of j**2 - 2*j - 1. Let d be t(5). Suppose -2*v = 3*v - 200. Calculate the greatest common divisor of v and d.
8
Let x be (-25)/(-4) - (-7)/(-28). Suppose -c - 3 + x = 0. Suppose 2*a + c*a = 85. What is the greatest common divisor of a and 153?
17
Suppose 3*d + 17 = 5*k, 3*d = -3*k - 3 - 6. Calculate the highest common factor of 8 and k.
1
Let y = 28 + -14. Let s(x) = x**3 - 2*x**2 + 2*x - 3. Let j be s(2). Let f = 3 - j. Calculate the greatest common divisor of f and y.
2
Suppose -2*u - 2*b = -7*u + 70, 4*b = 4*u - 68. Let x be 63/u + 2/(-8). Suppose -s + x*s = 32. Calculate the greatest common divisor of 8 and s.
8
Suppose 43 = -4*i + 127. Let n(u) be the first derivative of -u**3/3 - 9*u**2/2 - 7*u - 1. Let m be n(-7). What is the greatest common divisor of m and i?
7
Let m(z) = z**3 + 3*z**2 - 4*z + 3. Let t be m(-4). Suppose -33 = -5*p - t. Let s be p/(-10) + 186/10. What is the highest common factor of 162 and s?
18
Let j be 248/93*9/2. Calculate the greatest common factor of 300 and j.
12
Let a be (-12)/28 + (-118)/(-14). What is the greatest common divi